{"id":4104,"date":"2025-05-14T20:18:30","date_gmt":"2025-05-14T20:18:30","guid":{"rendered":"https:\/\/cooaceded.coop\/wordpress\/?page_id=4104"},"modified":"2025-05-14T21:20:50","modified_gmt":"2025-05-14T21:20:50","slug":"vi-encuentro-nacional-cultural-y-del-folclor","status":"publish","type":"page","link":"https:\/\/cooaceded.coop\/wordpress\/vi-encuentro-nacional-cultural-y-del-folclor\/","title":{"rendered":"VI Encuentro Nacional Cultural y del Folclor"},"content":{"rendered":"\t\t<div data-elementor-type=\"wp-page\" data-elementor-id=\"4104\" class=\"elementor elementor-4104\">\n\t\t\t\t\t\t<section class=\"elementor-section elementor-top-section elementor-element elementor-element-e59fe91 elementor-section-boxed elementor-section-height-default elementor-section-height-default\" data-id=\"e59fe91\" data-element_type=\"section\" data-e-type=\"section\" data-settings=\"{&quot;background_background&quot;:&quot;classic&quot;}\">\n\t\t\t\t\t\t<div class=\"elementor-container elementor-column-gap-default\">\n\t\t\t\t\t<div class=\"elementor-column elementor-col-100 elementor-top-column elementor-element elementor-element-106a241\" data-id=\"106a241\" data-element_type=\"column\" data-e-type=\"column\">\n\t\t\t<div class=\"elementor-widget-wrap elementor-element-populated\">\n\t\t\t\t\t\t<div class=\"elementor-element elementor-element-06bbe7e elementor-widget elementor-widget-go-s-heading\" data-id=\"06bbe7e\" data-element_type=\"widget\" data-e-type=\"widget\" data-widget_type=\"go-s-heading.default\">\n\t\t\t\t<div class=\"elementor-widget-container\">\n\t\t\t\t\t<div class=\"prthalign\">\n            <h6 class=\"kd-subtitle-1 kd-subtitle-ani-1 elementor-kadu-sub\">\n                            <img decoding=\"async\" src=\"https:\/\/cooaceded.coop\/wordpress\/wp-content\/uploads\/2025\/01\/Sesterella1.png\" alt=\"\"> \n              \n            Memorias        <\/h6>\n        <h1 class=\"elementor-gt-heading kd-section-title-1 kd-title-ani kd-split-text\">VI Encuentro Nacional Cultural y del Folclor<\/h1>        <div class=\"elementor-gt-desc kd-para-1 disc wow\" data-splitting>\n        <p class=\"\">Con gran orgullo y entusiasmo, compartimos las memorias del VI Encuentro Nacional Cultural y del Folclor de COOACEDED, un evento que reuni\u00f3 a delegaciones de todo el pa\u00eds en un espacio de integraci\u00f3n, arte, tradici\u00f3n y cultura cooperativa.<\/p><p class=\"\">Durante varios d\u00edas, vivimos momentos llenos de m\u00fasica, danza, color y alegr\u00eda, reafirmando nuestro compromiso con la identidad cultural y el fortalecimiento del cooperativismo. Cada presentaci\u00f3n, taller y actividad fue una expresi\u00f3n del talento, la diversidad y la uni\u00f3n que nos caracteriza.<\/p><p class=\"\">Aqu\u00ed encontrar\u00e1s una recopilaci\u00f3n de fotos y videos que capturan la esencia de este gran encuentro. Te invitamos a revivir cada instante y a seguir construyendo juntos una comunidad cooperativa m\u00e1s humana, creativa y participativa.<\/p>    <\/div>        \n    <\/div>\t\t\t\t<\/div>\n\t\t\t\t<\/div>\n\t\t\t\t\t<\/div>\n\t\t<\/div>\n\t\t\t\t\t<\/div>\n\t\t<\/section>\n\t\t\t\t<section class=\"elementor-section elementor-top-section elementor-element elementor-element-c01f6db elementor-section-boxed elementor-section-height-default elementor-section-height-default\" data-id=\"c01f6db\" data-element_type=\"section\" data-e-type=\"section\" data-settings=\"{&quot;background_background&quot;:&quot;classic&quot;}\">\n\t\t\t\t\t\t<div class=\"elementor-container elementor-column-gap-default\">\n\t\t\t\t\t<div class=\"elementor-column elementor-col-100 elementor-top-column elementor-element elementor-element-a2964ea animated-slow elementor-invisible\" data-id=\"a2964ea\" data-element_type=\"column\" data-e-type=\"column\" data-settings=\"{&quot;background_background&quot;:&quot;classic&quot;,&quot;animation&quot;:&quot;slideInUp&quot;}\">\n\t\t\t<div class=\"elementor-widget-wrap elementor-element-populated\">\n\t\t\t\t<div class=\"elementor-element elementor-element-b68ace2 e-grid e-con-boxed e-con e-parent\" data-id=\"b68ace2\" data-element_type=\"container\" data-e-type=\"container\">\n\t\t\t\t\t<div class=\"e-con-inner\">\n\t\t\t\t<div class=\"elementor-element elementor-element-ce47418 elementor-widget elementor-widget-ft-btn\" data-id=\"ce47418\" data-element_type=\"widget\" data-e-type=\"widget\" data-widget_type=\"ft-btn.default\">\n\t\t\t\t<div class=\"elementor-widget-container\">\n\t\t\t\t\t<div class=\"prthalign\">\n    <a href=\"https:\/\/cooaceded.pixieset.com\/viencuentronacionalculturalydelfolclor\/\" target=\"_blank\" rel=\"nofollow\" aria-label=\"name\" class=\"kd-pr-btn-1 text-uppercase has-pr-clr\">\n        <span class=\"text\" data-back=\"PRIMER DIA - 10\/10\/2024\" data-front=\"PRIMER DIA - 10\/10\/2024\"><\/span>\n        <span class=\"icon\">\n            <i class=\"fa-solid fa-arrow-right\"><\/i>\n        <\/span>\n    <\/a>\n<\/div>\n\t\t\t\t<\/div>\n\t\t\t\t<\/div>\n\t\t\t\t<div class=\"elementor-element elementor-element-8d20202 elementor-widget elementor-widget-ft-btn\" data-id=\"8d20202\" data-element_type=\"widget\" data-e-type=\"widget\" data-widget_type=\"ft-btn.default\">\n\t\t\t\t<div class=\"elementor-widget-container\">\n\t\t\t\t\t<div class=\"prthalign\">\n    <a href=\"https:\/\/cooaceded61.pixieset.com\/viencuentronacionalculturalydelfolclor\/\" target=\"_blank\" rel=\"nofollow\" aria-label=\"name\" class=\"kd-pr-btn-1 text-uppercase has-pr-clr\">\n        <span class=\"text\" data-back=\"SEGUNDO DIA - 11\/10\/2024\" data-front=\"SEGUNDO DIA - 11\/10\/2024\"><\/span>\n        <span class=\"icon\">\n            <i class=\"fa-solid fa-arrow-right\"><\/i>\n        <\/span>\n    <\/a>\n<\/div>\n\t\t\t\t<\/div>\n\t\t\t\t<\/div>\n\t\t\t\t<div class=\"elementor-element elementor-element-f4792b1 elementor-widget elementor-widget-ft-btn\" data-id=\"f4792b1\" data-element_type=\"widget\" data-e-type=\"widget\" data-widget_type=\"ft-btn.default\">\n\t\t\t\t<div class=\"elementor-widget-container\">\n\t\t\t\t\t<div class=\"prthalign\">\n    <a href=\"https:\/\/cooaceded61.pixieset.com\/cooaceded\/\" target=\"_blank\" rel=\"nofollow\" aria-label=\"name\" class=\"kd-pr-btn-1 text-uppercase has-pr-clr\">\n        <span class=\"text\" data-back=\"TERCER DIA - 12\/10\/2024\" data-front=\"TERCER DIA - 12\/10\/2024\"><\/span>\n        <span class=\"icon\">\n            <i class=\"fa-solid fa-arrow-right\"><\/i>\n        <\/span>\n    <\/a>\n<\/div>\n\t\t\t\t<\/div>\n\t\t\t\t<\/div>\n\t\t\t\t<div class=\"elementor-element elementor-element-94d9b08 elementor-widget elementor-widget-ft-btn\" data-id=\"94d9b08\" data-element_type=\"widget\" data-e-type=\"widget\" data-widget_type=\"ft-btn.default\">\n\t\t\t\t<div class=\"elementor-widget-container\">\n\t\t\t\t\t<div class=\"prthalign\">\n    <a href=\"https:\/\/cooa-my.sharepoint.com\/my?id=%2Fpersonal%2Fcomunicaciones%5Fcooaceded%5Fcoop%2FDocuments%2FMemorias%20VI%20Encuentro%20Nacional%20Cultural%20y%20del%20Folclor%20%2D%20FENSECOOP&#038;ga=1\" target=\"_blank\" rel=\"nofollow\" aria-label=\"name\" class=\"kd-pr-btn-1 text-uppercase has-pr-clr\">\n        <span class=\"text\" data-back=\"MEMORIAS, FOTOS Y VIDEOS\" data-front=\"MEMORIAS, FOTOS Y VIDEOS\"><\/span>\n        <span class=\"icon\">\n            <i class=\"fa-solid fa-arrow-right\"><\/i>\n        <\/span>\n    <\/a>\n<\/div>\n\t\t\t\t<\/div>\n\t\t\t\t<\/div>\n\t\t\t\t<div class=\"elementor-element elementor-element-06a57e0 elementor-widget elementor-widget-ft-btn\" data-id=\"06a57e0\" data-element_type=\"widget\" data-e-type=\"widget\" data-widget_type=\"ft-btn.default\">\n\t\t\t\t<div class=\"elementor-widget-container\">\n\t\t\t\t\t<div class=\"prthalign\">\n    <a href=\"https:\/\/cooaceded.coop\/wordpress\/wp-content\/uploads\/2025\/05\/Carta-del-VI-Encuentro-Nacional-Cultural-y-del-Folclor.pdf\" target=\"_blank\" rel=\"nofollow\" aria-label=\"name\" class=\"kd-pr-btn-1 text-uppercase has-pr-clr\">\n        <span class=\"text\" data-back=\"Reglamento DEL VI ENCUENTRO\" data-front=\"Reglamento DEL VI ENCUENTRO\"><\/span>\n        <span class=\"icon\">\n            <i class=\"fa-solid fa-arrow-right\"><\/i>\n        <\/span>\n    <\/a>\n<\/div>\n\t\t\t\t<\/div>\n\t\t\t\t<\/div>\n\t\t\t\t<div class=\"elementor-element elementor-element-c108991 elementor-widget elementor-widget-ft-btn\" data-id=\"c108991\" data-element_type=\"widget\" data-e-type=\"widget\" data-widget_type=\"ft-btn.default\">\n\t\t\t\t<div class=\"elementor-widget-container\">\n\t\t\t\t\t<div class=\"prthalign\">\n    <a href=\"https:\/\/cooaceded.coop\/wordpress\/wp-content\/uploads\/2025\/05\/Orden-del-Desfile.pdf\" target=\"_blank\" rel=\"nofollow\" aria-label=\"name\" class=\"kd-pr-btn-1 text-uppercase has-pr-clr\">\n        <span class=\"text\" data-back=\"Orden del desfile\" data-front=\"Orden del desfile\"><\/span>\n        <span class=\"icon\">\n            <i class=\"fa-solid fa-arrow-right\"><\/i>\n        <\/span>\n    <\/a>\n<\/div>\n\t\t\t\t<\/div>\n\t\t\t\t<\/div>\n\t\t\t\t<div class=\"elementor-element elementor-element-3fff172 elementor-widget elementor-widget-ft-btn\" data-id=\"3fff172\" data-element_type=\"widget\" data-e-type=\"widget\" data-widget_type=\"ft-btn.default\">\n\t\t\t\t<div class=\"elementor-widget-container\">\n\t\t\t\t\t<div class=\"prthalign\">\n    <a href=\"https:\/\/cooaceded.coop\/wordpress\/wp-content\/uploads\/2025\/05\/Escenarios-de-Presentaciones-Culturales-y-Folcloricas.pdf\" target=\"_blank\" rel=\"nofollow\" aria-label=\"name\" class=\"kd-pr-btn-1 text-uppercase has-pr-clr\">\n        <span class=\"text\" data-back=\"Escenarios del VI ENCUENTRO\" data-front=\"Escenarios del VI ENCUENTRO\"><\/span>\n        <span class=\"icon\">\n            <i class=\"fa-solid fa-arrow-right\"><\/i>\n        <\/span>\n    <\/a>\n<\/div>\n\t\t\t\t<\/div>\n\t\t\t\t<\/div>\n\t\t\t\t<div class=\"elementor-element elementor-element-3d365a3 elementor-widget elementor-widget-ft-btn\" data-id=\"3d365a3\" data-element_type=\"widget\" data-e-type=\"widget\" data-widget_type=\"ft-btn.default\">\n\t\t\t\t<div class=\"elementor-widget-container\">\n\t\t\t\t\t<div class=\"prthalign\">\n    <a href=\"https:\/\/cooaceded.coop\/wordpress\/wp-content\/uploads\/2025\/05\/Programacion-General.pdf\" target=\"_blank\" rel=\"nofollow\" aria-label=\"name\" class=\"kd-pr-btn-1 text-uppercase has-pr-clr\">\n        <span class=\"text\" data-back=\"PROGRAMACION GENERAL\" data-front=\"PROGRAMACION GENERAL\"><\/span>\n        <span class=\"icon\">\n            <i class=\"fa-solid fa-arrow-right\"><\/i>\n        <\/span>\n    <\/a>\n<\/div>\n\t\t\t\t<\/div>\n\t\t\t\t<\/div>\n\t\t\t\t<div class=\"elementor-element elementor-element-7b3e72f elementor-widget elementor-widget-ft-btn\" data-id=\"7b3e72f\" data-element_type=\"widget\" data-e-type=\"widget\" data-widget_type=\"ft-btn.default\">\n\t\t\t\t<div class=\"elementor-widget-container\">\n\t\t\t\t\t<div class=\"prthalign\">\n    <a href=\"https:\/\/www.tripadvisor.co\/Attractions-g297476-Activities-c47-Cartagena_Cartagena_District_Bolivar_Department.html\" target=\"_blank\" rel=\"nofollow\" aria-label=\"name\" class=\"kd-pr-btn-1 text-uppercase has-pr-clr\">\n        <span class=\"text\" data-back=\"RECOMENDACIONES TURISTICAS\" data-front=\"RECOMENDACIONES TURISTICAS\"><\/span>\n        <span class=\"icon\">\n            <i class=\"fa-solid fa-arrow-right\"><\/i>\n        <\/span>\n    <\/a>\n<\/div>\n\t\t\t\t<\/div>\n\t\t\t\t<\/div>\n\t\t\t\t\t<\/div>\n\t\t\t\t<\/div>\n\t\t\t\t\t<\/div>\n\t\t<\/div>\n\t\t\t\t\t<\/div>\n\t\t<\/section>\n\t\t\t\t<\/div>\n\t\t","protected":false},"excerpt":{"rendered":"<p>Memorias VI Encuentro Nacional Cultural y del Folclor Con gran orgullo y entusiasmo, compartimos las memorias del VI Encuentro Nacional Cultural y del Folclor de COOACEDED, un evento que reuni\u00f3 a delegaciones de todo el pa\u00eds en un espacio de integraci\u00f3n, arte, tradici\u00f3n y cultura cooperativa. Durante varios d\u00edas, vivimos momentos llenos de m\u00fasica, danza, [&hellip;]<\/p>\n","protected":false},"author":1,"featured_media":0,"parent":0,"menu_order":0,"comment_status":"closed","ping_status":"closed","template":"elementor_header_footer","meta":{"footnotes":""},"class_list":["post-4104","page","type-page","status-publish","hentry"],"_links":{"self":[{"href":"https:\/\/cooaceded.coop\/wordpress\/wp-json\/wp\/v2\/pages\/4104","targetHints":{"allow":["GET"]}}],"collection":[{"href":"https:\/\/cooaceded.coop\/wordpress\/wp-json\/wp\/v2\/pages"}],"about":[{"href":"https:\/\/cooaceded.coop\/wordpress\/wp-json\/wp\/v2\/types\/page"}],"author":[{"embeddable":true,"href":"https:\/\/cooaceded.coop\/wordpress\/wp-json\/wp\/v2\/users\/1"}],"replies":[{"embeddable":true,"href":"https:\/\/cooaceded.coop\/wordpress\/wp-json\/wp\/v2\/comments?post=4104"}],"version-history":[{"count":0,"href":"https:\/\/cooaceded.coop\/wordpress\/wp-json\/wp\/v2\/pages\/4104\/revisions"}],"wp:attachment":[{"href":"https:\/\/cooaceded.coop\/wordpress\/wp-json\/wp\/v2\/media?parent=4104"}],"curies":[{"name":"wp","href":"https:\/\/api.w.org\/{rel}","templated":true}]}}