{"id":3767,"date":"2025-02-07T19:36:27","date_gmt":"2025-02-07T19:36:27","guid":{"rendered":"https:\/\/cooaceded.coop\/wordpress\/?page_id=3767"},"modified":"2025-12-03T16:51:54","modified_gmt":"2025-12-03T16:51:54","slug":"cencar","status":"publish","type":"page","link":"https:\/\/cooaceded.coop\/wordpress\/cencar\/","title":{"rendered":"CENCAR"},"content":{"rendered":"\t\t<div data-elementor-type=\"wp-page\" data-elementor-id=\"3767\" class=\"elementor elementor-3767\">\n\t\t\t\t\t\t<section class=\"elementor-section elementor-top-section elementor-element elementor-element-e59fe91 elementor-section-boxed elementor-section-height-default elementor-section-height-default\" data-id=\"e59fe91\" data-element_type=\"section\" data-e-type=\"section\" data-settings=\"{&quot;background_background&quot;:&quot;classic&quot;}\">\n\t\t\t\t\t\t<div class=\"elementor-container elementor-column-gap-default\">\n\t\t\t\t\t<div class=\"elementor-column elementor-col-100 elementor-top-column elementor-element elementor-element-106a241\" data-id=\"106a241\" data-element_type=\"column\" data-e-type=\"column\">\n\t\t\t<div class=\"elementor-widget-wrap elementor-element-populated\">\n\t\t\t\t\t\t<div class=\"elementor-element elementor-element-06bbe7e elementor-widget elementor-widget-go-s-heading\" data-id=\"06bbe7e\" data-element_type=\"widget\" data-e-type=\"widget\" data-widget_type=\"go-s-heading.default\">\n\t\t\t\t<div class=\"elementor-widget-container\">\n\t\t\t\t\t<div class=\"prthalign\">\n            <h6 class=\"kd-subtitle-1 kd-subtitle-ani-1 elementor-kadu-sub\">\n                            <img decoding=\"async\" src=\"https:\/\/cooaceded.coop\/wordpress\/wp-content\/uploads\/2025\/01\/Sesterella1.png\" alt=\"\"> \n              \n            CENCAR        <\/h6>\n        <h1 class=\"elementor-gt-heading kd-section-title-1 kd-title-ani kd-split-text\">Centro de Capacitaci\u00f3n y Recreaci\u00f3n<\/h1>    <\/div>\t\t\t\t<\/div>\n\t\t\t\t<\/div>\n\t\t\t\t<div class=\"elementor-element elementor-element-495e7eb elementor-widget elementor-widget-go-pricing-paln\" data-id=\"495e7eb\" data-element_type=\"widget\" data-e-type=\"widget\" data-widget_type=\"go-pricing-paln.default\">\n\t\t\t\t<div class=\"elementor-widget-container\">\n\t\t\t\t\t<div class=\"kd-price-4-content-wrap \" >\n            <div class=\"kd-price-4-content-bg img-cover fix txaa-scalex-down\">\n            <img decoding=\"async\" src=\"https:\/\/cooaceded.coop\/wordpress\/wp-content\/uploads\/2024\/06\/p3-item-bg-1.webp\" alt=\"\">\n        <\/div>\n        <div class=\"kd-price-4-content\">\n                    <h5 class=\"title kd-heading-1 kd-font-900 has-clr-white wow\" data-splitting=\"\">Asociado<\/h5>\n        \n                    <p class=\"disc kd-para-1 has-clr-white wow \" data-splitting=\"\" >\u00a1Valor ingreso Zona de Piscina para Asocidos!<\/p>\n        \n        <h3 class=\"kd-heading-1 price has-clr-white kd-font-900 txaa-fade-right\">$5.000<span>\/persona<\/span><\/h3>\n                    <div class=\"txaa-fade-right\">\n                <a href=\"https:\/\/cooaceded.coop\/wordpress\/wp-content\/uploads\/2025\/02\/Menu-CENCAR.pdf\" aria-label=\"name\" class=\"kd-pr-btn-1 text-uppercase has-black\">\n                    <span class=\"text\" data-back=\"MEN\u00da CENCAR\" data-front=\"MEN\u00da CENCAR\"><\/span>\n                <\/a>\n            <\/div>\n            <\/div>\n            <div class=\"kd-price-4-content-img img-cover fix\">\n            <img decoding=\"async\" src=\"https:\/\/cooaceded.coop\/wordpress\/wp-content\/uploads\/2025\/02\/20221127_144709-min.jpg\" alt=\"\">\n        <\/div>\n    \n    <div class=\"kd-price-4-content-list\">\n\n                    <h4 class=\"title kd-heading-1 kd-font-900 has-clr-white wow\" data-splitting=\"\">CENCAR<\/h4>\n        \n        <ul class=\"kd-list-1 kd-heading-1 kd-font-800\">\n                            <li>\n                    <i class=\"fa-solid fa-circle-check\"><\/i>\n                    <span class=\"wow\" data-splitting=\"\">Martes a Domingo<\/span>\n                <\/li>\n                            <li>\n                    <i class=\"fa-solid fa-circle-check\"><\/i>\n                    <span class=\"wow\" data-splitting=\"\">09:00 AM a 04:30 PM<\/span>\n                <\/li>\n                            <li>\n                    <i class=\"fa-solid fa-circle-check\"><\/i>\n                    <span class=\"wow\" data-splitting=\"\">KM 8 V\u00eda - Arjona<\/span>\n                <\/li>\n                            <li>\n                    <i class=\"fa-solid fa-circle-check\"><\/i>\n                    <span class=\"wow\" data-splitting=\"\">$12.000 Valor no Asociados<\/span>\n                <\/li>\n                    <\/ul>\n    <\/div>\n    \n<\/div>\t\t\t\t<\/div>\n\t\t\t\t<\/div>\n\t\t\t\t\t<\/div>\n\t\t<\/div>\n\t\t\t\t\t<\/div>\n\t\t<\/section>\n\t\t\t\t<section class=\"elementor-section elementor-top-section elementor-element elementor-element-30afed7 elementor-section-boxed elementor-section-height-default elementor-section-height-default\" data-id=\"30afed7\" data-element_type=\"section\" data-e-type=\"section\">\n\t\t\t\t\t\t<div class=\"elementor-container elementor-column-gap-default\">\n\t\t\t\t\t<div class=\"elementor-column elementor-col-100 elementor-top-column elementor-element elementor-element-9b8732d\" data-id=\"9b8732d\" data-element_type=\"column\" data-e-type=\"column\" data-settings=\"{&quot;background_background&quot;:&quot;gradient&quot;}\">\n\t\t\t<div class=\"elementor-widget-wrap elementor-element-populated\">\n\t\t\t\t\t\t<div class=\"elementor-element elementor-element-98dc711 elementor-widget elementor-widget-go-counter-\" data-id=\"98dc711\" data-element_type=\"widget\" data-e-type=\"widget\" data-widget_type=\"go-counter-.default\">\n\t\t\t\t<div class=\"elementor-widget-container\">\n\t\t\t\t\t\n<div class=\"kd-counter-4-item-wrap txxa-add-class\">\n\n    <span class=\"kd-counter-4-item-wrap-shape-1\"><\/span>\n    <span class=\"kd-counter-4-item-wrap-shape-2\"><\/span>\n    <span class=\"kd-counter-4-item-wrap-shape-3\"><\/span>\n\n    <\/div>\t\t\t\t<\/div>\n\t\t\t\t<\/div>\n\t\t\t\t<div class=\"elementor-element elementor-element-64db410 elementor-widget elementor-widget-ft-btn\" data-id=\"64db410\" data-element_type=\"widget\" data-e-type=\"widget\" data-widget_type=\"ft-btn.default\">\n\t\t\t\t<div class=\"elementor-widget-container\">\n\t\t\t\t\t<div class=\"prthalign\">\n    <a href=\"https:\/\/cooaceded.coop\/wordpress\/wp-content\/uploads\/2025\/12\/Portafolio-CENCAR.pdf\" target=\"_blank\" rel=\"nofollow\" aria-label=\"name\" class=\"kd-pr-btn-1 text-uppercase has-pr-clr\">\n        <span class=\"text\" data-back=\"PORTAFOLIO CENCAR\" data-front=\"PORTAFOLIO CENCAR\"><\/span>\n        <span class=\"icon\">\n            <i class=\"fa-solid fa-arrow-right\"><\/i>\n        <\/span>\n    <\/a>\n<\/div>\n\t\t\t\t<\/div>\n\t\t\t\t<\/div>\n\t\t\t\t\t<\/div>\n\t\t<\/div>\n\t\t\t\t\t<\/div>\n\t\t<\/section>\n\t\t\t\t<section class=\"elementor-section elementor-top-section elementor-element elementor-element-e069bbd elementor-section-content-middle elementor-section-boxed elementor-section-height-default elementor-section-height-default\" data-id=\"e069bbd\" data-element_type=\"section\" data-e-type=\"section\">\n\t\t\t\t\t\t<div class=\"elementor-container elementor-column-gap-default\">\n\t\t\t\t\t<div class=\"elementor-column elementor-col-50 elementor-top-column elementor-element elementor-element-829bd85\" data-id=\"829bd85\" data-element_type=\"column\" data-e-type=\"column\">\n\t\t\t<div class=\"elementor-widget-wrap elementor-element-populated\">\n\t\t\t\t\t\t<div class=\"elementor-element elementor-element-dd89e97 elementor-widget elementor-widget-go-s-heading\" data-id=\"dd89e97\" data-element_type=\"widget\" data-e-type=\"widget\" data-widget_type=\"go-s-heading.default\">\n\t\t\t\t<div class=\"elementor-widget-container\">\n\t\t\t\t\t<div class=\"prthalign\">\n            <h6 class=\"kd-subtitle-1 kd-subtitle-ani-1 elementor-kadu-sub\">\n                            <img decoding=\"async\" src=\"https:\/\/cooaceded.coop\/wordpress\/wp-content\/uploads\/2025\/01\/Sesterella1.png\" alt=\"\"> \n              \n            Centro de Capacitaci\u00f3n y Recreaci\u00f3n        <\/h6>\n        <h1 class=\"elementor-gt-heading kd-section-title-1 kd-title-ani kd-split-text\">Reserva tu evento en CENCAR \ud83c\udfe1\ud83c\udf89<\/h1>        <div class=\"elementor-gt-desc kd-para-1 disc wow\" data-splitting>\n        <p>Celebra momentos especiales en un espacio dise\u00f1ado para el bienestar y la recreaci\u00f3n. Aparta tu fecha y disfruta de nuestras instalaciones con el respaldo de COOACEDED.<\/p>    <\/div>        \n    <\/div>\t\t\t\t<\/div>\n\t\t\t\t<\/div>\n\t\t\t\t<div class=\"elementor-element elementor-element-0b916ea elementor-widget elementor-widget-go-list-item\" data-id=\"0b916ea\" data-element_type=\"widget\" data-e-type=\"widget\" data-widget_type=\"go-list-item.default\">\n\t\t\t\t<div class=\"elementor-widget-container\">\n\t\t\t\t\t\n<div class=\"kd-cta-2-content\">\n    <ul class=\"kd-list-1 kd-heading-1 kd-font-800\">\n                    <li>\n                <i class=\"fa-solid fa-circle-check\"><\/i>\n                <span class=\"wow\" data-splitting=\"\"> Espacios c\u00f3modos para todo tipo de eventos.<\/span>\n            <\/li>\n                    <li>\n                <i class=\"fa-solid fa-circle-check\"><\/i>\n                <span class=\"wow\" data-splitting=\"\"> Ubicaci\u00f3n ideal, ambiente exclusivo.<\/span>\n            <\/li>\n            <\/ul>\n<\/div>\n\t\t\t\t<\/div>\n\t\t\t\t<\/div>\n\t\t\t\t<div class=\"elementor-element elementor-element-b5e0bcc elementor-widget elementor-widget-go-ct-info\" data-id=\"b5e0bcc\" data-element_type=\"widget\" data-e-type=\"widget\" data-widget_type=\"go-ct-info.default\">\n\t\t\t\t<div class=\"elementor-widget-container\">\n\t\t\t\t\t<div class=\"kd-cta-2-content\">\n    <div class=\"contact-item-flex d-flex align-items-center flex-wrap txaa-fade-right\">\n                <div class=\"kd-header-1-top-contact-item d-flex align-items-center \">\n            <div class=\"icon d-flex justify-content-center align-items-center\">\n                <i aria-hidden=\"true\" class=\"fas fa-phone-alt\"><\/i>            <\/div>\n            <div class=\"content\">\n                <h4 class=\"subtitle kd-heading-1\">WHATSAPP<\/h4>\n                <a href=\"https:\/\/wa.link\/etnyhc\" aria-label=\"name\" class=\"link kd-heading-1 d-inline-block text-lowercase\">+57 321 7932 533<\/a>\n            <\/div>\n        <\/div>\n                <div class=\"kd-header-1-top-contact-item d-flex align-items-center \">\n            <div class=\"icon d-flex justify-content-center align-items-center\">\n                <i aria-hidden=\"true\" class=\"far fa-envelope\"><\/i>            <\/div>\n            <div class=\"content\">\n                <h4 class=\"subtitle kd-heading-1\">CORREO ELECTR\u00d3NICO<\/h4>\n                <a href=\"\" aria-label=\"name\" class=\"link kd-heading-1 d-inline-block text-lowercase\">das@cooaceded.coop<\/a>\n            <\/div>\n        <\/div>\n            <\/div>\n<\/div>\t\t\t\t<\/div>\n\t\t\t\t<\/div>\n\t\t\t\t<div class=\"elementor-element elementor-element-1ec7479 elementor-widget elementor-widget-go-ct-info\" data-id=\"1ec7479\" data-element_type=\"widget\" data-e-type=\"widget\" data-widget_type=\"go-ct-info.default\">\n\t\t\t\t<div class=\"elementor-widget-container\">\n\t\t\t\t\t<div class=\"kd-cta-2-content\">\n    <div class=\"contact-item-flex d-flex align-items-center flex-wrap txaa-fade-right\">\n                <div class=\"kd-header-1-top-contact-item d-flex align-items-center \">\n            <div class=\"icon d-flex justify-content-center align-items-center\">\n                <i aria-hidden=\"true\" class=\"fas fa-phone-alt\"><\/i>            <\/div>\n            <div class=\"content\">\n                <h4 class=\"subtitle kd-heading-1\">LLAMADAS<\/h4>\n                <a href=\"\" aria-label=\"name\" class=\"link kd-heading-1 d-inline-block text-lowercase\">+57 321 7932 533<\/a>\n            <\/div>\n        <\/div>\n            <\/div>\n<\/div>\t\t\t\t<\/div>\n\t\t\t\t<\/div>\n\t\t\t\t\t<\/div>\n\t\t<\/div>\n\t\t\t\t<div class=\"elementor-column elementor-col-50 elementor-top-column elementor-element elementor-element-b74e641\" data-id=\"b74e641\" data-element_type=\"column\" data-e-type=\"column\" data-settings=\"{&quot;background_background&quot;:&quot;classic&quot;}\">\n\t\t\t<div class=\"elementor-widget-wrap elementor-element-populated\">\n\t\t\t\t\t\t<div class=\"elementor-element elementor-element-c9c4879 elementor-widget elementor-widget-go-ct-form\" data-id=\"c9c4879\" data-element_type=\"widget\" data-e-type=\"widget\" data-widget_type=\"go-ct-form.default\">\n\t\t\t\t<div class=\"elementor-widget-container\">\n\t\t\t\t\t<div class=\"txaa-slide-down-1\">\n    <div class=\"kd-cta-2-form bg-default txaa-slide-down-1-item\" data-background=\"\">\n        <div class=\"forminator-ui forminator-custom-form forminator-custom-form-3786 forminator-design--material  forminator_ajax\" data-forminator-render=\"0\" data-form=\"forminator-module-3786\" data-uid=\"69fded5ef3a43\"><br\/><\/div><form\n\t\t\t\tid=\"forminator-module-3786\"\n\t\t\t\tclass=\"forminator-ui forminator-custom-form forminator-custom-form-3786 forminator-design--material  forminator_ajax\"\n\t\t\t\tmethod=\"post\"\n\t\t\t\tdata-forminator-render=\"0\"\n\t\t\t\tdata-form-id=\"3786\"\n\t\t\t\t data-color-option=\"theme\" data-design=\"material\" data-grid=\"open\" style=\"display: none;\"\n\t\t\t\tdata-uid=\"69fded5ef3a43\"\n\t\t\t><div role=\"alert\" aria-live=\"polite\" class=\"forminator-response-message forminator-error\" aria-hidden=\"true\"><\/div><div class=\"forminator-row\"><div id=\"name-1\" class=\"forminator-field-name forminator-col forminator-col-6 \"><div class=\"forminator-field\"><label for=\"forminator-field-name-1_69fded5ef3a43\" id=\"forminator-field-name-1_69fded5ef3a43-label\" class=\"forminator-label\">Nombres y Apellidos: <span class=\"forminator-required\">*<\/span><\/label><input type=\"text\" name=\"name-1\" value=\"\" placeholder=\"Nombre Completo\" id=\"forminator-field-name-1_69fded5ef3a43\" class=\"forminator-input forminator-name--field\" aria-required=\"true\" autocomplete=\"name\" \/><\/div><\/div><div id=\"number-1\" class=\"forminator-field-number forminator-col forminator-col-6 \"><div class=\"forminator-field\"><label for=\"forminator-field-number-1_69fded5ef3a43\" id=\"forminator-field-number-1_69fded5ef3a43-label\" class=\"forminator-label\">N\u00famero de Identidad: <span class=\"forminator-required\">*<\/span><\/label><input name=\"number-1\" value=\"\" placeholder=\"I.D\" id=\"forminator-field-number-1_69fded5ef3a43\" class=\"forminator-input forminator-number--field\" inputmode=\"decimal\" data-required=\"1\" data-decimals=\"0\" aria-required=\"true\" data-inputmask=\"&#039;groupSeparator&#039;: &#039;&#039;, &#039;radixPoint&#039;: &#039;&#039;, &#039;digits&#039;: &#039;0&#039;\" data-hidden-behavior=\"zero\" type=\"number\" step=\"any\" min=\"1\" max=\"99999999999999999\" \/><\/div><\/div><\/div><div class=\"forminator-row\"><div id=\"phone-1\" class=\"forminator-field-phone forminator-col forminator-col-6 \"><div class=\"forminator-field\"><label for=\"forminator-field-phone-1_69fded5ef3a43\" id=\"forminator-field-phone-1_69fded5ef3a43-label\" class=\"forminator-label\">N\u00famero de Tel\u00e9fono: <span class=\"forminator-required\">*<\/span><\/label><input type=\"text\" name=\"phone-1\" value=\"\" placeholder=\"Celular\" id=\"forminator-field-phone-1_69fded5ef3a43\" class=\"forminator-input forminator-field--phone\" data-required=\"1\" aria-required=\"true\" autocomplete=\"off\" \/><\/div><\/div><div id=\"email-1\" class=\"forminator-field-email forminator-col forminator-col-6 \"><div class=\"forminator-field\"><label for=\"forminator-field-email-1_69fded5ef3a43\" id=\"forminator-field-email-1_69fded5ef3a43-label\" class=\"forminator-label\">Direcci\u00f3n de Correo Electr\u00f3nico: <span class=\"forminator-required\">*<\/span><\/label><input type=\"email\" name=\"email-1\" value=\"\" placeholder=\"Correo\" id=\"forminator-field-email-1_69fded5ef3a43\" class=\"forminator-input forminator-email--field\" data-required=\"true\" aria-required=\"true\" autocomplete=\"email\" \/><\/div><\/div><\/div><div class=\"forminator-row\"><div id=\"textarea-1\" class=\"forminator-field-textarea forminator-col forminator-col-12 \"><div class=\"forminator-field\"><label for=\"forminator-field-textarea-1_69fded5ef3a43\" id=\"forminator-field-textarea-1_69fded5ef3a43-label\" class=\"forminator-label\">Mensaje: <span class=\"forminator-required\">*<\/span><\/label><textarea name=\"textarea-1\" placeholder=\"Introduce tu mensaje...\" id=\"forminator-field-textarea-1_69fded5ef3a43\" class=\"forminator-textarea\" rows=\"6\" style=\"--forminator-textarea-min-height:140px;\" maxlength=\"180\" ><\/textarea><span id=\"forminator-field-textarea-1_69fded5ef3a43-description\" class=\"forminator-description\"><span data-limit=\"180\" data-type=\"characters\" data-editor=\"\">0 \/ 180<\/span><\/span><\/div><\/div><\/div><input type=\"hidden\" name=\"referer_url\" value=\"\" \/><div class=\"forminator-row forminator-row-last\"><div class=\"forminator-col\"><div class=\"forminator-field\"><button class=\"forminator-button forminator-button-submit\"><span>ENVIAR SOLICITUD<\/span><span aria-hidden=\"true\"><\/span><\/button><\/div><\/div><\/div><input type=\"hidden\" id=\"forminator_nonce\" name=\"forminator_nonce\" value=\"c40ece216b\" \/><input type=\"hidden\" name=\"_wp_http_referer\" value=\"\/wordpress\/wp-json\/wp\/v2\/pages\/3767\" \/><input type=\"hidden\" name=\"form_id\" value=\"3786\"><input type=\"hidden\" name=\"page_id\" value=\"3767\"><input type=\"hidden\" name=\"form_type\" value=\"default\"><input type=\"hidden\" name=\"current_url\" value=\"https:\/\/cooaceded.coop\/wordpress\/cencar\/\"><input type=\"hidden\" name=\"render_id\" value=\"0\"><input type=\"hidden\" name=\"action\" value=\"forminator_submit_form_custom-forms\"><\/form>    <\/div>\n<\/div>\t\t\t\t<\/div>\n\t\t\t\t<\/div>\n\t\t\t\t\t<\/div>\n\t\t<\/div>\n\t\t\t\t\t<\/div>\n\t\t<\/section>\n\t\t\t\t<\/div>\n\t\t","protected":false},"excerpt":{"rendered":"<p>CENCAR Centro de Capacitaci\u00f3n y Recreaci\u00f3n Asociado \u00a1Valor ingreso Zona de Piscina para Asocidos! $5.000\/persona CENCAR Martes a Domingo 09:00 AM a 04:30 PM KM 8 V\u00eda &#8211; Arjona $12.000 Valor no Asociados Centro de Capacitaci\u00f3n y Recreaci\u00f3n Reserva tu evento en CENCAR \ud83c\udfe1\ud83c\udf89 Celebra momentos especiales en un espacio dise\u00f1ado para el bienestar y [&hellip;]<\/p>\n","protected":false},"author":1,"featured_media":0,"parent":0,"menu_order":0,"comment_status":"closed","ping_status":"closed","template":"elementor_header_footer","meta":{"footnotes":""},"class_list":["post-3767","page","type-page","status-publish","hentry"],"_links":{"self":[{"href":"https:\/\/cooaceded.coop\/wordpress\/wp-json\/wp\/v2\/pages\/3767","targetHints":{"allow":["GET"]}}],"collection":[{"href":"https:\/\/cooaceded.coop\/wordpress\/wp-json\/wp\/v2\/pages"}],"about":[{"href":"https:\/\/cooaceded.coop\/wordpress\/wp-json\/wp\/v2\/types\/page"}],"author":[{"embeddable":true,"href":"https:\/\/cooaceded.coop\/wordpress\/wp-json\/wp\/v2\/users\/1"}],"replies":[{"embeddable":true,"href":"https:\/\/cooaceded.coop\/wordpress\/wp-json\/wp\/v2\/comments?post=3767"}],"version-history":[{"count":0,"href":"https:\/\/cooaceded.coop\/wordpress\/wp-json\/wp\/v2\/pages\/3767\/revisions"}],"wp:attachment":[{"href":"https:\/\/cooaceded.coop\/wordpress\/wp-json\/wp\/v2\/media?parent=3767"}],"curies":[{"name":"wp","href":"https:\/\/api.w.org\/{rel}","templated":true}]}}