{"id":3414,"date":"2025-01-18T15:57:14","date_gmt":"2025-01-18T15:57:14","guid":{"rendered":"https:\/\/cooaceded.coop\/wordpress\/?page_id=3414"},"modified":"2025-06-10T20:17:59","modified_gmt":"2025-06-10T20:17:59","slug":"solidaridad","status":"publish","type":"page","link":"https:\/\/cooaceded.coop\/wordpress\/solidaridad\/","title":{"rendered":"Solidaridad"},"content":{"rendered":"\t\t<div data-elementor-type=\"wp-page\" data-elementor-id=\"3414\" class=\"elementor elementor-3414\">\n\t\t\t\t\t\t<section class=\"elementor-section elementor-top-section elementor-element elementor-element-9388c0e elementor-section-boxed elementor-section-height-default elementor-section-height-default\" data-id=\"9388c0e\" data-element_type=\"section\" data-e-type=\"section\">\n\t\t\t\t\t\t<div class=\"elementor-container elementor-column-gap-default\">\n\t\t\t\t\t<div class=\"elementor-column elementor-col-100 elementor-top-column elementor-element elementor-element-f323c05\" data-id=\"f323c05\" data-element_type=\"column\" data-e-type=\"column\">\n\t\t\t<div class=\"elementor-widget-wrap elementor-element-populated\">\n\t\t\t\t\t\t<div class=\"elementor-element elementor-element-9260ebc elementor-widget elementor-widget-go-s-heading\" data-id=\"9260ebc\" data-element_type=\"widget\" data-e-type=\"widget\" data-widget_type=\"go-s-heading.default\">\n\t\t\t\t<div class=\"elementor-widget-container\">\n\t\t\t\t\t<div class=\"prthalign\">\n            <h6 class=\"kd-subtitle-1 kd-subtitle-ani-1 elementor-kadu-sub\">\n                            <img decoding=\"async\" src=\"https:\/\/cooaceded.coop\/wordpress\/wp-content\/uploads\/2025\/01\/Sesterella1.png\" alt=\"\"> \n              \n            Comit\u00e9 Especial        <\/h6>\n        <h1 class=\"elementor-gt-heading kd-section-title-1 kd-title-ani kd-split-text\">Solidaridad<\/h1>        <div class=\"elementor-gt-desc kd-para-1 disc wow\" data-splitting>\n        <div><div><div><div><p>De acuerdo a la RESOLUCI\u00d3N No. 050 del 17 de agosto del 2020 - POR MEDIO DE LA CUAL SE ADOPTA EL C\u00d3DIGO DEL BUEN GOBIERNO DE COOACEDED - El Comit\u00e9 Especial de Solidaridad se encarga de evaluar y determinar sobre las solicitudes de Auxilios de Solidaridad de Asociados que est\u00e9n de acuerdo con las condiciones establecidas en el Reglamento del fondo que sean de su competencia y el monto de ellas.<\/p><\/div><\/div><\/div><\/div>    <\/div>        \n    <\/div>\t\t\t\t<\/div>\n\t\t\t\t<\/div>\n\t\t\t\t<div class=\"elementor-element elementor-element-b6a6f7b elementor-widget elementor-widget-image\" data-id=\"b6a6f7b\" data-element_type=\"widget\" data-e-type=\"widget\" data-widget_type=\"image.default\">\n\t\t\t\t<div class=\"elementor-widget-container\">\n\t\t\t\t\t\t\t\t\t\t\t\t\t\t\t<img fetchpriority=\"high\" decoding=\"async\" width=\"1254\" height=\"518\" src=\"https:\/\/cooaceded.coop\/wordpress\/wp-content\/uploads\/2025\/01\/Solidadridad.jpg\" class=\"attachment-full size-full wp-image-3415\" alt=\"\" srcset=\"https:\/\/cooaceded.coop\/wordpress\/wp-content\/uploads\/2025\/01\/Solidadridad.jpg 1254w, https:\/\/cooaceded.coop\/wordpress\/wp-content\/uploads\/2025\/01\/Solidadridad-300x124.jpg 300w, https:\/\/cooaceded.coop\/wordpress\/wp-content\/uploads\/2025\/01\/Solidadridad-1024x423.jpg 1024w, https:\/\/cooaceded.coop\/wordpress\/wp-content\/uploads\/2025\/01\/Solidadridad-768x317.jpg 768w\" sizes=\"(max-width: 1254px) 100vw, 1254px\" \/>\t\t\t\t\t\t\t\t\t\t\t\t\t\t\t<\/div>\n\t\t\t\t<\/div>\n\t\t\t\t\t<\/div>\n\t\t<\/div>\n\t\t\t\t\t<\/div>\n\t\t<\/section>\n\t\t\t\t<section class=\"elementor-section elementor-top-section elementor-element elementor-element-8002044 elementor-section-boxed elementor-section-height-default elementor-section-height-default\" data-id=\"8002044\" data-element_type=\"section\" data-e-type=\"section\">\n\t\t\t\t\t\t<div class=\"elementor-container elementor-column-gap-default\">\n\t\t\t\t\t<div class=\"elementor-column elementor-col-66 elementor-top-column elementor-element elementor-element-44d2cb4\" data-id=\"44d2cb4\" data-element_type=\"column\" data-e-type=\"column\" data-settings=\"{&quot;animation&quot;:&quot;none&quot;}\">\n\t\t\t<div class=\"elementor-widget-wrap elementor-element-populated\">\n\t\t\t\t\t\t<div class=\"elementor-element elementor-element-7e8478f elementor-icon-list--layout-traditional elementor-list-item-link-full_width elementor-invisible elementor-widget elementor-widget-icon-list\" data-id=\"7e8478f\" data-element_type=\"widget\" data-e-type=\"widget\" data-settings=\"{&quot;_animation&quot;:&quot;zoomIn&quot;}\" data-widget_type=\"icon-list.default\">\n\t\t\t\t<div class=\"elementor-widget-container\">\n\t\t\t\t\t\t\t<ul class=\"elementor-icon-list-items\">\n\t\t\t\t\t\t\t<li class=\"elementor-icon-list-item\">\n\t\t\t\t\t\t\t\t\t\t\t<span class=\"elementor-icon-list-icon\">\n\t\t\t\t\t\t\t<i aria-hidden=\"true\" class=\"fas fa-check-circle\"><\/i>\t\t\t\t\t\t<\/span>\n\t\t\t\t\t\t\t\t\t\t<span class=\"elementor-icon-list-text\">Evaluar y determinar sobre las solicitudes de Auxilios de Solidaridad de Asociados Privilegiados y presentar al Consejo de Administraci\u00f3n para su determinaci\u00f3n y el monto de ellas.<\/span>\n\t\t\t\t\t\t\t\t\t<\/li>\n\t\t\t\t\t\t\t\t<li class=\"elementor-icon-list-item\">\n\t\t\t\t\t\t\t\t\t\t\t<span class=\"elementor-icon-list-icon\">\n\t\t\t\t\t\t\t<i aria-hidden=\"true\" class=\"fas fa-check-circle\"><\/i>\t\t\t\t\t\t<\/span>\n\t\t\t\t\t\t\t\t\t\t<span class=\"elementor-icon-list-text\">Evaluar y determinar sobre las solicitudes de auxilios de Solidaridad de personas jur\u00eddicas y el lleno de los requisitos y documentos exigidos por la Cooperativa y el monto de ella.<\/span>\n\t\t\t\t\t\t\t\t\t<\/li>\n\t\t\t\t\t\t\t\t<li class=\"elementor-icon-list-item\">\n\t\t\t\t\t\t\t\t\t\t\t<span class=\"elementor-icon-list-icon\">\n\t\t\t\t\t\t\t<i aria-hidden=\"true\" class=\"fas fa-check-circle\"><\/i>\t\t\t\t\t\t<\/span>\n\t\t\t\t\t\t\t\t\t\t<span class=\"elementor-icon-list-text\">Evaluar permanentemente el flujo de recursos del Fondo de Solidaridad para controlar su ejecuci\u00f3n y aplicar los correctivos del caso.<\/span>\n\t\t\t\t\t\t\t\t\t<\/li>\n\t\t\t\t\t\t\t\t<li class=\"elementor-icon-list-item\">\n\t\t\t\t\t\t\t\t\t\t\t<span class=\"elementor-icon-list-icon\">\n\t\t\t\t\t\t\t<i aria-hidden=\"true\" class=\"fas fa-check-circle\"><\/i>\t\t\t\t\t\t<\/span>\n\t\t\t\t\t\t\t\t\t\t<span class=\"elementor-icon-list-text\">Proponer y recomendar al Consejo de Administraci\u00f3n en materia de pol\u00edtica solidaria.<\/span>\n\t\t\t\t\t\t\t\t\t<\/li>\n\t\t\t\t\t\t\t\t<li class=\"elementor-icon-list-item\">\n\t\t\t\t\t\t\t\t\t\t\t<span class=\"elementor-icon-list-icon\">\n\t\t\t\t\t\t\t<i aria-hidden=\"true\" class=\"fas fa-check-circle\"><\/i>\t\t\t\t\t\t<\/span>\n\t\t\t\t\t\t\t\t\t\t<span class=\"elementor-icon-list-text\">Solicitar al Comit\u00e9 Especial de Educaci\u00f3n por intermedio del Consejo de Administraci\u00f3n los programas de Educaci\u00f3n, formaci\u00f3n o capacitaci\u00f3n, en aquellos aspectos que ata\u00f1en a los temas de Solidaridad y proyecci\u00f3n a la comunidad, tanto para los integrantes del Comit\u00e9 como para los Asociados y Empleados de la cooperativa.<\/span>\n\t\t\t\t\t\t\t\t\t<\/li>\n\t\t\t\t\t\t\t\t<li class=\"elementor-icon-list-item\">\n\t\t\t\t\t\t\t\t\t\t\t<span class=\"elementor-icon-list-icon\">\n\t\t\t\t\t\t\t<i aria-hidden=\"true\" class=\"fas fa-check-circle\"><\/i>\t\t\t\t\t\t<\/span>\n\t\t\t\t\t\t\t\t\t\t<span class=\"elementor-icon-list-text\">Evaluar los documentos presentados por los Asociados como respaldo a sus solicitudes contemplado en el Reglamento del Fondo de Solidaridad.<\/span>\n\t\t\t\t\t\t\t\t\t<\/li>\n\t\t\t\t\t\t<\/ul>\n\t\t\t\t\t\t<\/div>\n\t\t\t\t<\/div>\n\t\t\t\t\t<\/div>\n\t\t<\/div>\n\t\t\t\t<div class=\"elementor-column elementor-col-33 elementor-top-column elementor-element elementor-element-161f7cc\" data-id=\"161f7cc\" data-element_type=\"column\" data-e-type=\"column\">\n\t\t\t<div class=\"elementor-widget-wrap elementor-element-populated\">\n\t\t\t\t\t\t<div class=\"elementor-element elementor-element-a472287 elementor-invisible elementor-widget elementor-widget-go-event-info-item\" data-id=\"a472287\" data-element_type=\"widget\" data-e-type=\"widget\" data-settings=\"{&quot;_animation&quot;:&quot;tada&quot;}\" data-widget_type=\"go-event-info-item.default\">\n\t\t\t\t<div class=\"elementor-widget-container\">\n\t\t\t\t\t        <div class=\"event-details-content\">\n            <div class=\"content-sidebar\">\n                                    <h4 class=\"sidebar-title\">Cont\u00e1ctanos:<\/h4>\n                                <ul class=\"content-sidebar-list\">\n                                            <li>    \n                            <span>\n                                <i aria-hidden=\"true\" class=\"fas fa-phone-alt\"><\/i>                                Tel\u00e9fono                            <\/span>\n                            605 6424120 ext 2020 - 2021                        <\/li>\n                                            <li>    \n                            <span>\n                                <i aria-hidden=\"true\" class=\"fas fa-mail-bulk\"><\/i>                                Correo                            <\/span>\n                            CSOLIDARIDAD@COOACEDED.COOP                        <\/li>\n                                            <li>    \n                            <span>\n                                <i aria-hidden=\"true\" class=\"far fa-clock\"><\/i>                                Horario de Apertura                            <\/span>\n                            03:00 PM                        <\/li>\n                                            <li>    \n                            <span>\n                                <i aria-hidden=\"true\" class=\"far fa-clock\"><\/i>                                Hora de Cierre                            <\/span>\n                            05:00 PM                        <\/li>\n                                            <li>    \n                            <span>\n                                <i aria-hidden=\"true\" class=\"flaticon flaticon-maps-and-flags\"><\/i>                                Oficina                            <\/span>\n                            Cartagena - Santa Lucia                        <\/li>\n                                    <\/ul>\n                                            <\/div>\n        <\/div>\n    \t\t\t\t<\/div>\n\t\t\t\t<\/div>\n\t\t\t\t<div class=\"elementor-element elementor-element-d8eac3d elementor-icon-list--layout-traditional elementor-list-item-link-full_width elementor-invisible elementor-widget elementor-widget-icon-list\" data-id=\"d8eac3d\" data-element_type=\"widget\" data-e-type=\"widget\" data-settings=\"{&quot;_animation&quot;:&quot;zoomIn&quot;}\" data-widget_type=\"icon-list.default\">\n\t\t\t\t<div class=\"elementor-widget-container\">\n\t\t\t\t\t\t\t<ul class=\"elementor-icon-list-items\">\n\t\t\t\t\t\t\t<li class=\"elementor-icon-list-item\">\n\t\t\t\t\t\t\t\t\t\t\t<span class=\"elementor-icon-list-icon\">\n\t\t\t\t\t\t\t<i aria-hidden=\"true\" class=\"fas fa-check-circle\"><\/i>\t\t\t\t\t\t<\/span>\n\t\t\t\t\t\t\t\t\t\t<span class=\"elementor-icon-list-text\">Evaluar y determinar el monto de las donaciones que haga la cooperativa por intermedio del Comit\u00e9 en los casos de calamidad p\u00fablica.<\/span>\n\t\t\t\t\t\t\t\t\t<\/li>\n\t\t\t\t\t\t\t\t<li class=\"elementor-icon-list-item\">\n\t\t\t\t\t\t\t\t\t\t\t<span class=\"elementor-icon-list-icon\">\n\t\t\t\t\t\t\t<i aria-hidden=\"true\" class=\"fas fa-check-circle\"><\/i>\t\t\t\t\t\t<\/span>\n\t\t\t\t\t\t\t\t\t\t<span class=\"elementor-icon-list-text\">Las dem\u00e1s que le asigne el consejo de Administraci\u00f3n y que se encuentren dentro del \u00e1mbito de sus actividades.<\/span>\n\t\t\t\t\t\t\t\t\t<\/li>\n\t\t\t\t\t\t\t\t<li class=\"elementor-icon-list-item\">\n\t\t\t\t\t\t\t\t\t\t\t<span class=\"elementor-icon-list-icon\">\n\t\t\t\t\t\t\t<i aria-hidden=\"true\" class=\"fas fa-check-circle\"><\/i>\t\t\t\t\t\t<\/span>\n\t\t\t\t\t\t\t\t\t\t<span class=\"elementor-icon-list-text\">Reunirse seg\u00fan lo estipulado en el presente reglamento.<\/span>\n\t\t\t\t\t\t\t\t\t<\/li>\n\t\t\t\t\t\t<\/ul>\n\t\t\t\t\t\t<\/div>\n\t\t\t\t<\/div>\n\t\t\t\t\t<\/div>\n\t\t<\/div>\n\t\t\t\t\t<\/div>\n\t\t<\/section>\n\t\t\t\t<\/div>\n\t\t","protected":false},"excerpt":{"rendered":"<p>Comit\u00e9 Especial Solidaridad De acuerdo a la RESOLUCI\u00d3N No. 050 del 17 de agosto del 2020 &#8211; POR MEDIO DE LA CUAL SE ADOPTA EL C\u00d3DIGO DEL BUEN GOBIERNO DE COOACEDED &#8211; El Comit\u00e9 Especial de Solidaridad se encarga de evaluar y determinar sobre las solicitudes de Auxilios de Solidaridad de Asociados que est\u00e9n de [&hellip;]<\/p>\n","protected":false},"author":1,"featured_media":0,"parent":0,"menu_order":0,"comment_status":"closed","ping_status":"closed","template":"elementor_header_footer","meta":{"footnotes":""},"class_list":["post-3414","page","type-page","status-publish","hentry"],"_links":{"self":[{"href":"https:\/\/cooaceded.coop\/wordpress\/wp-json\/wp\/v2\/pages\/3414","targetHints":{"allow":["GET"]}}],"collection":[{"href":"https:\/\/cooaceded.coop\/wordpress\/wp-json\/wp\/v2\/pages"}],"about":[{"href":"https:\/\/cooaceded.coop\/wordpress\/wp-json\/wp\/v2\/types\/page"}],"author":[{"embeddable":true,"href":"https:\/\/cooaceded.coop\/wordpress\/wp-json\/wp\/v2\/users\/1"}],"replies":[{"embeddable":true,"href":"https:\/\/cooaceded.coop\/wordpress\/wp-json\/wp\/v2\/comments?post=3414"}],"version-history":[{"count":0,"href":"https:\/\/cooaceded.coop\/wordpress\/wp-json\/wp\/v2\/pages\/3414\/revisions"}],"wp:attachment":[{"href":"https:\/\/cooaceded.coop\/wordpress\/wp-json\/wp\/v2\/media?parent=3414"}],"curies":[{"name":"wp","href":"https:\/\/api.w.org\/{rel}","templated":true}]}}

<div data-elementor-type="wp-page" data-elementor-id="3414" class="elementor elementor-3414">
						<section class="elementor-section elementor-top-section elementor-element elementor-element-9388c0e elementor-section-boxed elementor-section-height-default elementor-section-height-default" data-id="9388c0e" data-element_type="section" data-e-type="section">
						<div class="elementor-container elementor-column-gap-default">
					<div class="elementor-column elementor-col-100 elementor-top-column elementor-element elementor-element-f323c05" data-id="f323c05" data-element_type="column" data-e-type="column">
			<div class="elementor-widget-wrap elementor-element-populated">
						<div class="elementor-element elementor-element-9260ebc elementor-widget elementor-widget-go-s-heading" data-id="9260ebc" data-element_type="widget" data-e-type="widget" data-widget_type="go-s-heading.default">
				<div class="elementor-widget-container">
					<div class="prthalign">
            <h6 class="kd-subtitle-1 kd-subtitle-ani-1 elementor-kadu-sub">
                            <img decoding="async" src="https://cooaceded.coop/wordpress/wp-content/uploads/2025/01/Sesterella1.png" alt=""> 
              
            Comité Especial        </h6>
        <h1 class="elementor-gt-heading kd-section-title-1 kd-title-ani kd-split-text">Solidaridad</h1>        <div class="elementor-gt-desc kd-para-1 disc wow" data-splitting>
        <div><div><div><div><p>De acuerdo a la RESOLUCIÓN No. 050 del 17 de agosto del 2020 - POR MEDIO DE LA CUAL SE ADOPTA EL CÓDIGO DEL BUEN GOBIERNO DE COOACEDED - El Comité Especial de Solidaridad se encarga de evaluar y determinar sobre las solicitudes de Auxilios de Solidaridad de Asociados que estén de acuerdo con las condiciones establecidas en el Reglamento del fondo que sean de su competencia y el monto de ellas.</p></div></div></div></div>    </div>        
    </div>				</div>
				</div>
				<div class="elementor-element elementor-element-b6a6f7b elementor-widget elementor-widget-image" data-id="b6a6f7b" data-element_type="widget" data-e-type="widget" data-widget_type="image.default">
				<div class="elementor-widget-container">
															<img fetchpriority="high" decoding="async" width="1254" height="518" src="https://cooaceded.coop/wordpress/wp-content/uploads/2025/01/Solidadridad.jpg" class="attachment-full size-full wp-image-3415" alt="" srcset="https://cooaceded.coop/wordpress/wp-content/uploads/2025/01/Solidadridad.jpg 1254w, https://cooaceded.coop/wordpress/wp-content/uploads/2025/01/Solidadridad-300x124.jpg 300w, https://cooaceded.coop/wordpress/wp-content/uploads/2025/01/Solidadridad-1024x423.jpg 1024w, https://cooaceded.coop/wordpress/wp-content/uploads/2025/01/Solidadridad-768x317.jpg 768w" sizes="(max-width: 1254px) 100vw, 1254px" />															</div>
				</div>
					</div>
		</div>
					</div>
		</section>
				<section class="elementor-section elementor-top-section elementor-element elementor-element-8002044 elementor-section-boxed elementor-section-height-default elementor-section-height-default" data-id="8002044" data-element_type="section" data-e-type="section">
						<div class="elementor-container elementor-column-gap-default">
					<div class="elementor-column elementor-col-66 elementor-top-column elementor-element elementor-element-44d2cb4" data-id="44d2cb4" data-element_type="column" data-e-type="column" data-settings="{&quot;animation&quot;:&quot;none&quot;}">
			<div class="elementor-widget-wrap elementor-element-populated">
						<div class="elementor-element elementor-element-7e8478f elementor-icon-list--layout-traditional elementor-list-item-link-full_width elementor-invisible elementor-widget elementor-widget-icon-list" data-id="7e8478f" data-element_type="widget" data-e-type="widget" data-settings="{&quot;_animation&quot;:&quot;zoomIn&quot;}" data-widget_type="icon-list.default">
				<div class="elementor-widget-container">
							<ul class="elementor-icon-list-items">
							<li class="elementor-icon-list-item">
											<span class="elementor-icon-list-icon">
							<i aria-hidden="true" class="fas fa-check-circle"></i>						</span>
										<span class="elementor-icon-list-text">Evaluar y determinar sobre las solicitudes de Auxilios de Solidaridad de Asociados Privilegiados y presentar al Consejo de Administración para su determinación y el monto de ellas.</span>
									</li>
								<li class="elementor-icon-list-item">
											<span class="elementor-icon-list-icon">
							<i aria-hidden="true" class="fas fa-check-circle"></i>						</span>
										<span class="elementor-icon-list-text">Evaluar y determinar sobre las solicitudes de auxilios de Solidaridad de personas jurídicas y el lleno de los requisitos y documentos exigidos por la Cooperativa y el monto de ella.</span>
									</li>
								<li class="elementor-icon-list-item">
											<span class="elementor-icon-list-icon">
							<i aria-hidden="true" class="fas fa-check-circle"></i>						</span>
										<span class="elementor-icon-list-text">Evaluar permanentemente el flujo de recursos del Fondo de Solidaridad para controlar su ejecución y aplicar los correctivos del caso.</span>
									</li>
								<li class="elementor-icon-list-item">
											<span class="elementor-icon-list-icon">
							<i aria-hidden="true" class="fas fa-check-circle"></i>						</span>
										<span class="elementor-icon-list-text">Proponer y recomendar al Consejo de Administración en materia de política solidaria.</span>
									</li>
								<li class="elementor-icon-list-item">
											<span class="elementor-icon-list-icon">
							<i aria-hidden="true" class="fas fa-check-circle"></i>						</span>
										<span class="elementor-icon-list-text">Solicitar al Comité Especial de Educación por intermedio del Consejo de Administración los programas de Educación, formación o capacitación, en aquellos aspectos que atañen a los temas de Solidaridad y proyección a la comunidad, tanto para los integrantes del Comité como para los Asociados y Empleados de la cooperativa.</span>
									</li>
								<li class="elementor-icon-list-item">
											<span class="elementor-icon-list-icon">
							<i aria-hidden="true" class="fas fa-check-circle"></i>						</span>
										<span class="elementor-icon-list-text">Evaluar los documentos presentados por los Asociados como respaldo a sus solicitudes contemplado en el Reglamento del Fondo de Solidaridad.</span>
									</li>
						</ul>
						</div>
				</div>
					</div>
		</div>
				<div class="elementor-column elementor-col-33 elementor-top-column elementor-element elementor-element-161f7cc" data-id="161f7cc" data-element_type="column" data-e-type="column">
			<div class="elementor-widget-wrap elementor-element-populated">
						<div class="elementor-element elementor-element-a472287 elementor-invisible elementor-widget elementor-widget-go-event-info-item" data-id="a472287" data-element_type="widget" data-e-type="widget" data-settings="{&quot;_animation&quot;:&quot;tada&quot;}" data-widget_type="go-event-info-item.default">
				<div class="elementor-widget-container">
					        <div class="event-details-content">
            <div class="content-sidebar">
                                    <h4 class="sidebar-title">Contáctanos:</h4>
                                <ul class="content-sidebar-list">
                                            <li>    
                            <span>
                                <i aria-hidden="true" class="fas fa-phone-alt"></i>                                Teléfono                            </span>
                            605 6424120 ext 2020 - 2021                        </li>
                                            <li>    
                            <span>
                                <i aria-hidden="true" class="fas fa-mail-bulk"></i>                                Correo                            </span>
                            CSOLIDARIDAD@COOACEDED.COOP                        </li>
                                            <li>    
                            <span>
                                <i aria-hidden="true" class="far fa-clock"></i>                                Horario de Apertura                            </span>
                            03:00 PM                        </li>
                                            <li>    
                            <span>
                                <i aria-hidden="true" class="far fa-clock"></i>                                Hora de Cierre                            </span>
                            05:00 PM                        </li>
                                            <li>    
                            <span>
                                <i aria-hidden="true" class="flaticon flaticon-maps-and-flags"></i>                                Oficina                            </span>
                            Cartagena - Santa Lucia                        </li>
                                    </ul>
                                            </div>
        </div>
    				</div>
				</div>
				<div class="elementor-element elementor-element-d8eac3d elementor-icon-list--layout-traditional elementor-list-item-link-full_width elementor-invisible elementor-widget elementor-widget-icon-list" data-id="d8eac3d" data-element_type="widget" data-e-type="widget" data-settings="{&quot;_animation&quot;:&quot;zoomIn&quot;}" data-widget_type="icon-list.default">
				<div class="elementor-widget-container">
							<ul class="elementor-icon-list-items">
							<li class="elementor-icon-list-item">
											<span class="elementor-icon-list-icon">
							<i aria-hidden="true" class="fas fa-check-circle"></i>						</span>
										<span class="elementor-icon-list-text">Evaluar y determinar el monto de las donaciones que haga la cooperativa por intermedio del Comité en los casos de calamidad pública.</span>
									</li>
								<li class="elementor-icon-list-item">
											<span class="elementor-icon-list-icon">
							<i aria-hidden="true" class="fas fa-check-circle"></i>						</span>
										<span class="elementor-icon-list-text">Las demás que le asigne el consejo de Administración y que se encuentren dentro del ámbito de sus actividades.</span>
									</li>
								<li class="elementor-icon-list-item">
											<span class="elementor-icon-list-icon">
							<i aria-hidden="true" class="fas fa-check-circle"></i>						</span>
										<span class="elementor-icon-list-text">Reunirse según lo estipulado en el presente reglamento.</span>
									</li>
						</ul>
						</div>
				</div>
					</div>
		</div>
					</div>
		</section>
				</div>

<p>Comité Especial Solidaridad De acuerdo a la RESOLUCIÓN No. 050 del 17 de agosto del 2020 &#8211; POR MEDIO DE LA CUAL SE ADOPTA EL CÓDIGO DEL BUEN GOBIERNO DE COOACEDED &#8211; El Comité Especial de Solidaridad se encarga de evaluar y determinar sobre las solicitudes de Auxilios de Solidaridad de Asociados que estén de [&hellip;]</p>
